245*(-48)/165. Let l = r - -1584. What is the hundreds digit of l?
9
Let q be (4 - (-5 - -5)) + 1. Suppose 5*g + q*k = 2*g + 976, 2*k + 340 = g. What is the units digit of g?
2
Let f(r) = r**2 - 468*r + 9201. What is the thousands digit of f(0)?
9
Let a(q) = -q**3 - 20*q**2 + 75*q - 17. Let g be a(-17). Let t = g + 3144. What is the tens digit of t?
8
Suppose -4*i = -u - 8 + 4, 0 = u - i - 2. Suppose -418 + 2346 = 5*w + u*n, -3*n + 1931 = 5*w. What is the hundreds digit of w?
3
Suppose 0 = -5*m + 2 + 23. Suppose 34 = b - m*d, -3*b + 50 = -0*b - 2*d. Let o = b + 4. What is the tens digit of o?
1
Suppose -2*b - 40 - 41 = -f, b = -f - 36. Let o(j) = -2*j**3 + 17*j**2 + 53*j - 41. Let q be o(11). Let c = b - q. What is the tens digit of c?
2
Suppose 17*i - 3*i - 42 = 0. Suppose 0 = 3*n + s + 2*s - 6, 5*s - 4 = -2*n. Suppose -2*c = n*c + 4*u - 588, -i*u = 5*c - 733. What is the hundreds digit of c?
1
Let q(v) = 4*v - 18. Let c(y) = 3*y - 19. Let n(l) = 6*l**3 + 2*l**2 + 2*l + 1. Let b be n(-1). Let f(o) = b*c(o) + 6*q(o). What is the units digit of f(12)?
5
Let n(k) = -92*k + 149. Suppose 0 = y + 3*p + 3 + 16, 12 = -3*p. What is the hundreds digit of n(y)?
7
Suppose 88*q - 4827485 = -1372517. What is the tens digit of q?
6
What is the hundreds digit of (-12)/(-8)*(-16)/(-3) - (-19919 + -6)?
9
Let f(n) be the second derivative of -n**3/6 + 13*n**2 + 29*n. Let b be f(22). Suppose 0 = -4*p + 8, b*p - 24 = 3*c - 64. What is the units digit of c?
6
Suppose 13*r - 17*r = -20. Suppose -2*h - 1203 = -r*n + 924, -3*n + h = -1277. What is the units digit of n?
7
Let u = -7023 + 15149. What is the hundreds digit of u?
1
Suppose -18*x + 62645 + 8857 = 16368. What is the tens digit of x?
6
Suppose -10415 - 23391 = -5*t + 17869. What is the tens digit of t?
3
Let l(n) = n + 1. Let v(x) = 15*x - 47. Let s(r) = -16*r + 48. Let g(u) = -3*s(u) - 4*v(u). Let j(b) = g(b) - 6*l(b). What is the units digit of j(-6)?
6
Let m = 83 + -83. Suppose 4*d = -5*v - 12, m*v = -3*v + 5*d + 15. Suppose 2*a + 4*w - 40 + v = 0, -a - w = -24. What is the tens digit of a?
2
Let a(o) = -o**3 + 10*o**2 + 11*o + 2. Let w be (-15)/(-5)*11*(-3)/(-9). Let p be a(w). What is the units digit of (-4710)/(-20) - 1/p?
5
Let b(n) = -8*n + 12*n - 15 + 10*n. Let p = -2336 - -2340. What is the tens digit of b(p)?
4
What is the tens digit of -8 - -563*27/9?
8
Suppose 4*u + 2962 = 2*k + 22336, -2*u - 4*k + 9662 = 0. What is the units digit of u?
1
Suppose -3 = u - o + 13, 4*u + 58 = 2*o. Let a(q) = q**3 + 15*q**2 + 6*q - 6. What is the tens digit of a(u)?
5
Let z(v) = 512*v - 112. Let w be z(-3). What is the tens digit of 10/15 + w/(-3) - -5?
5
Suppose -6 + 906 = 3*w. Suppose -5*r - 9*p = -7*p - 19, 11 = 3*r + p. Suppose -r*k + w = k. What is the units digit of k?
5
Let s(d) = 1228*d**2 + 4*d + 6. What is the thousands digit of s(-1)?
1
Suppose -5724624 + 715382 = -17*a - 89*a. What is the tens digit of a?
5
Suppose 25887*i + 4094220 = 25965*i. What is the ten thousands digit of i?
5
Suppose -9*c + 4429 + 818 = 0. Suppose 0 = -5*r + 67 + c. Let h = r + -63. What is the tens digit of h?
6
Let k(n) = 7278*n**3 + 7*n**2 + n - 7. What is the units digit of k(1)?
9
Let y = 119 + -95. Suppose u - y*u = -9108. What is the units digit of u?
6
Let j(c) = -8*c + 21. Let r(l) = -17*l + 41. Let q(g) = 7*j(g) - 3*r(g). What is the units digit of q(-18)?
4
Suppose -542*b + 525*b = -658444. What is the tens digit of b?
3
Let r(s) be the first derivative of 7*s**4/12 - 13*s**3/6 - 5*s**2/2 - 23*s + 22. Let x(b) be the first derivative of r(b). What is the tens digit of x(-5)?
3
Let s = 264 - 267. What is the hundreds digit of (-529)/s - (-6 - (-112)/21)?
1
Let w(m) = m + 22. Suppose 5*h = -4*u + 21, 3*u + 5*h + 5 - 22 = 0. Suppose 23 + 41 = u*o. What is the tens digit of w(o)?
3
Let j be ((-6)/8)/(18/(-48)). Suppose 0*n + j*n = 0. Suppose r + 3*r - 4*t - 288 = n, 296 = 4*r + 4*t. What is the tens digit of r?
7
Let y = 375 - -45. Suppose -i = 4*i - 4*q - 1051, -2*q = -2*i + y. What is the hundreds digit of i?
2
Suppose 3*u + 4*r - 3718 - 1147 = 0, 2*r + 8117 = 5*u. What is the hundreds digit of u?
6
Let q(l) = 13045*l + 544. What is the thousands digit of q(1)?
3
Let t = 9121 + -6111. Let j = t + -2127. What is the units digit of j?
3
Suppose 5 = -2*l - 3*l. Let f be (0 + 3 - l) + 3. Suppose 5*n + 128 = f*n. What is the units digit of n?
4
Suppose 3*o = -2*f + 64015, 4*f + 2*o - 154719 + 26725 = 0. What is the thousands digit of f?
1
Let r(b) = -622*b + 26228. What is the ten thousands digit of r(0)?
2
Let k(l) = -7*l**3 - 4*l**2 - 6*l - 6. Let h(o) = 50*o**2 - o + 1. Let p be h(1). Let y = p - 52. What is the units digit of k(y)?
6
Let j(l) = 793*l**2 - 10*l - 8. What is the hundreds digit of j(-3)?
1
Let f be (3 + -858)/((-6)/18). Suppose 5*s + 2*o = -3*o + f, 2*o + 2040 = 4*s. What is the hundreds digit of s?
5
Suppose -124*s + 99236 = -119*s + v, -2*v = -s + 19845. What is the hundreds digit of s?
8
Let t = 133 + -35. Let d = -65 + t. Suppose c + d = n + 196, 4*c + 5*n = 625. What is the tens digit of c?
6
Suppose 3*p - 3 = 3*h, h + 4*p = 6*h. Suppose 3*d - d - 5*i - 922 = 0, -d + h*i = -461. What is the units digit of d?
1
Let i = 460 + -444. Suppose 10976 = 44*j - i*j. What is the tens digit of j?
9
Suppose -8*j + 17*j = -1215. Let u be (-594)/10 + 21/(-35). Let k = u - j. What is the units digit of k?
5
Let l(u) = 85*u**2 - 15*u + 44. Let w be l(8). Let p be ((-1)/(-3) + 0)/(3/w). Suppose -t + 218 = -2*v + 79, 2*v = -4*t + p. What is the units digit of t?
7
Suppose -318180 = -53*p - 32192. What is the thousands digit of p?
5
Suppose 0*x = x - 39771 + 1158. What is the ten thousands digit of x?
3
Let q = -33 - -45. Let r be (q/4)/((-6)/(-8)). Suppose -r*u - 4 = 4, -127 = -z - u. What is the tens digit of z?
2
Let l(x) = -284*x - 468. What is the units digit of l(-9)?
8
Let w(o) = -6*o - 1. Let j be w(-2). Suppose j*f - 9*f = 4. Suppose 2*t + 5*p = 12, -2*t = -4*p - 10 - f. What is the units digit of t?
6
Let w(i) = 18*i**2 + 26*i - 78. Let m = 3 + 3. What is the hundreds digit of w(m)?
7
Suppose 6*x = -41 - 61. Let f(w) = 2*w + 34. Let m be f(x). Suppose -370 + 63 = -4*y - c, m = -3*y + 2*c + 233. What is the tens digit of y?
7
Let h = 187 - 186. What is the hundreds digit of h/7*1653 + 8/(-56)?
2
Let t(w) = 3*w**2 + 73*w + 87. What is the ten thousands digit of t(58)?
1
Suppose -2*z + 1435 + 930 = 5*p, 4*p - 1905 = z. Let r = p + -244. What is the tens digit of r?
3
Let x(a) = -13*a + 31. Let h(n) = -27*n + 61. Let u(r) = 3*h(r) - 5*x(r). What is the hundreds digit of u(-8)?
1
Suppose -4*z = -8, -5*h - 8*z + 37 = -7*z. Suppose 4*p + 2312 = 3*v, -4*v = h*p - 4*p - 3066. What is the units digit of v?
8
Let g = -3970 + 9100. What is the thousands digit of g?
5
Let a = -239 + 251. Suppose -4656 = a*f - 12144. What is the hundreds digit of f?
6
Let p = 137216 + -88930. What is the thousands digit of p?
8
Let k = 69803 + -37250. What is the ten thousands digit of k?
3
Suppose k - 1 = -0*k + 4*h, 4*k + 2*h = 22. Suppose 5*y + 3*v + 8227 = 0, -k*y + 2*v - 8226 = 6*v. What is the units digit of 6/33 + y/(-22)?
5
What is the hundreds digit of (26/39)/(5/74955)?
9
Let d(k) = -2*k**2 + 32*k + 36. Let z be d(17). Suppose z*t + 1058 = 9*n - 4*n, 5*n + 3*t - 1038 = 0. What is the tens digit of n?
1
Suppose -5*p + 11 = -14. Suppose -5*f + 4*i = -709, f - 5*f - p*i = -600. What is the tens digit of f?
4
Let c(d) = 10*d**2 + 64*d - 245. What is the ten thousands digit of c(33)?
1
What is the thousands digit of -4*((-25)/4 + 4) + 33547?
3
Suppose -5277*i = -5260*i - 105757. What is the units digit of i?
1
Let q = 21 - 23. Let o be (-1)/(q/(-2))*76/(-1). Let b = o - -35. What is the tens digit of b?
1
Suppose 41*m = 201*m - 90*m - 462490. What is the hundreds digit of m?
6
Suppose 0 = 18*j - 63*j + 460608 + 411177. What is the hundreds digit of j?
3
Let o be ((-12)/36)/((-3)/45). Suppose -5*m + 3*m = n - 2898, m - 1427 = o*n. What is the hundreds digit of m?
4
Let t(v) = -102*v + 2. Let u be t(2). Let k be u/(-14) - 6/(-28)*-2. Suppose k*n - 1134 = 5*n. What is the units digit of n?
6
Let g = 11359 - -6613. What is the hundreds digit of g?
9
Let b(w) = -w**2 - 6. Let p be b(5). Suppose 0 = 107*d - 67*d - 4000. Let t = d + p. W